{"id":17639,"date":"2025-12-01T16:12:13","date_gmt":"2025-12-01T16:12:13","guid":{"rendered":"https:\/\/www.legrandlarge.com\/lieux\/camping-val-de-saire\/"},"modified":"2026-03-13T13:55:03","modified_gmt":"2026-03-13T13:55:03","slug":"camping-val-de-saire","status":"publish","type":"lieux","link":"https:\/\/www.legrandlarge.com\/de\/lieux\/camping-val-de-saire\/","title":{"rendered":"Das Val de Saire"},"content":{"rendered":"\n<div class=\"wp-block-cover alignfull hero-content\" style=\"min-height:90vh;aspect-ratio:unset;\"><img alt=\"\" decoding=\"async\" width=\"1024\" height=\"768\" class=\"wp-block-cover__image-background wp-image-1078 size-large\" alt=\"\" src=\"https:\/\/www.legrandlarge.com\/wp-content\/uploads\/2025\/12\/AdobeStock_490801920-1024x768.webp\" data-object-fit=\"cover\" srcset=\"https:\/\/www.legrandlarge.com\/wp-content\/uploads\/2025\/12\/AdobeStock_490801920-1024x768.webp 1024w, https:\/\/www.legrandlarge.com\/wp-content\/uploads\/2025\/12\/AdobeStock_490801920-300x225.webp 300w, https:\/\/www.legrandlarge.com\/wp-content\/uploads\/2025\/12\/AdobeStock_490801920-768x576.webp 768w, https:\/\/www.legrandlarge.com\/wp-content\/uploads\/2025\/12\/AdobeStock_490801920-1440x1080.webp 1440w, https:\/\/www.legrandlarge.com\/wp-content\/uploads\/2025\/12\/AdobeStock_490801920-720x540.webp 720w, https:\/\/www.legrandlarge.com\/wp-content\/uploads\/2025\/12\/AdobeStock_490801920-320x240.webp 320w, https:\/\/www.legrandlarge.com\/wp-content\/uploads\/2025\/12\/AdobeStock_490801920-160x120.webp 160w, https:\/\/www.legrandlarge.com\/wp-content\/uploads\/2025\/12\/AdobeStock_490801920.webp 1920w\" sizes=\"(max-width: 1024px) 100vw, 1024px\" \/><span aria-hidden=\"true\" class=\"wp-block-cover__background has-background-dim wp-block-cover__gradient-background has-background-gradient\" style=\"background:linear-gradient(135deg,rgba(0,0,0,0) 0%,rgb(0,0,0) 100%)\"><\/span><div class=\"wp-block-cover__inner-container has-global-padding is-layout-constrained wp-container-core-cover-is-layout-071fe3a8 wp-block-cover-is-layout-constrained\">\n<div class=\"wp-block-group is-z1 is-vertical is-content-justification-center is-layout-flex wp-container-core-group-is-layout-7b32d8e7 wp-block-group-is-layout-flex\"><h1 class=\"wp-block-post-title has-xl-font-size has-secondary-font-family\">Das Val de Saire<\/h1><\/div>\n<\/div><\/div>\n\n<div class=\"wp-block-group alignfull is-style-bg-texture has-global-padding is-content-justification-left is-layout-constrained wp-container-core-group-is-layout-7ac10ba0 wp-block-group-is-layout-constrained\" style=\"padding-right:var(--wp--preset--spacing--s);padding-left:var(--wp--preset--spacing--s)\"><div style=\"padding-top:var(--wp--preset--spacing--xxs);padding-bottom:var(--wp--preset--spacing--xxs);\" class=\"wp-elements-b53f42f057c06f74b28afc57fcce3d1c wp-block-wpseopress-breadcrumbs has-xxs-font-size has-primary-font-family\"><nav  aria-label=\"breadcrumb\"><ol class=\"breadcrumb\" itemscope itemtype=\"https:\/\/schema.org\/BreadcrumbList\"><li class=\"breadcrumb-item active\" aria-current=\"page\" itemprop=\"itemListElement\" itemscope itemtype=\"https:\/\/schema.org\/ListItem\"><span itemprop=\"name\">Home<\/span><meta itemprop=\"position\" content=\"1\"><\/li><\/ol><\/nav><\/div><\/div>\n\n<div class=\"wp-block-group alignfull is-style-bg-w-two-elem has-global-padding is-layout-constrained wp-container-core-group-is-layout-72208401 wp-block-group-is-layout-constrained\" style=\"padding-top:var(--wp--preset--spacing--c-huge);padding-right:2rem;padding-bottom:var(--wp--preset--spacing--c-norm);padding-left:2rem\">\n<div class=\"wp-block-columns are-vertically-aligned-bottom lg-image-text-simple is-layout-flex wp-container-core-columns-is-layout-1209f74c wp-block-columns-is-layout-flex\">\n<div class=\"wp-block-column is-vertically-aligned-bottom is-left is-layout-flow wp-block-column-is-layout-flow\" style=\"flex-basis:50%\">\n<div class=\"wp-block-group lgl-wide-content-center is-layout-flow wp-block-group-is-layout-flow\">\n<figure class=\"wp-block-image size-full is-resized\"><img alt=\"\" decoding=\"async\" src=\"https:\/\/www.legrandlarge.com\/wp-content\/themes\/horizon-marketing-child\/src\/img\/theme\/G_logo-blanc.png\" alt=\"\" class=\"wp-image-79\" style=\"object-fit:contain;width:60px;height:60px\"\/><\/figure>\n<\/div>\n\n\n\n<figure class=\"wp-block-image size-full\"><img alt=\"\" decoding=\"async\" width=\"800\" height=\"533\" src=\"https:\/\/www.legrandlarge.com\/wp-content\/uploads\/2025\/12\/saint-vaast-la-hougue-0124_800x533.jpg\" alt=\"\" class=\"wp-image-18925\" style=\"aspect-ratio:3\/4;object-fit:cover\" srcset=\"https:\/\/www.legrandlarge.com\/wp-content\/uploads\/2025\/12\/saint-vaast-la-hougue-0124_800x533.jpg 800w, https:\/\/www.legrandlarge.com\/wp-content\/uploads\/2025\/12\/saint-vaast-la-hougue-0124_800x533-300x200.jpg 300w, https:\/\/www.legrandlarge.com\/wp-content\/uploads\/2025\/12\/saint-vaast-la-hougue-0124_800x533-768x512.jpg 768w, https:\/\/www.legrandlarge.com\/wp-content\/uploads\/2025\/12\/saint-vaast-la-hougue-0124_800x533-720x480.jpg 720w, https:\/\/www.legrandlarge.com\/wp-content\/uploads\/2025\/12\/saint-vaast-la-hougue-0124_800x533-480x320.jpg 480w, https:\/\/www.legrandlarge.com\/wp-content\/uploads\/2025\/12\/saint-vaast-la-hougue-0124_800x533-240x160.jpg 240w, https:\/\/www.legrandlarge.com\/wp-content\/uploads\/2025\/12\/saint-vaast-la-hougue-0124_800x533-120x80.jpg 120w\" sizes=\"(max-width: 800px) 100vw, 800px\" \/><\/figure>\n<\/div>\n\n\n\n<div class=\"wp-block-column is-vertically-aligned-bottom is-right is-layout-flow wp-container-core-column-is-layout-6fa465bf wp-block-column-is-layout-flow\" style=\"flex-basis:50%\">\n<p class=\"is-style-hrz-p--title has-secondary-color has-text-color has-link-color wp-elements-814f30b7064845b0c7d853961272aab0\">Spazierg\u00e4nge &amp; Gastronomie<\/p>\n\n\n\n<h2 class=\"wp-block-heading is-style-hrz-title--sub\">Das Val de Saire<\/h2>\n\n\n\n<p class=\"is-style-hrz-p--base\">In <a href=\"http:\/\/www.manchetourisme.com\/cotentin\">Cotentin<\/a> finden Sie weltber\u00fchmte Sehensw\u00fcrdigkeiten wie <strong>Tatihou, die Vauban-T\u00fcrme<\/strong>, die zum <strong>Weltkulturerbe<\/strong> geh\u00f6ren, oder den <strong>Leuchtturm von Gatteville<\/strong>, der zweith\u00f6chste in Frankreich, neben vertraulicheren Orten wie dem Tal der 9 M\u00fchlen. Feinschmecker und Liebhaber guter Produkte kennen nat\u00fcrlich die Austern von Saint-Vaast und die Miesmuscheln von Barfleur. Das Val de Saire ist auch der gr\u00f6\u00dfte Gem\u00fcseproduzent in der Basse-Normandie. Und dann gibt es noch das goldene Brioche in Le Vast, f\u00fcr das sich die Stammg\u00e4ste anstellen.   <\/p>\n\n\n\n<p class=\"is-style-hrz-p--base\">Von Le Vast aus sollten Sie unbedingt nach <strong>Quettehou<\/strong>, ausgesprochen &#8220;Quet&#8217;hou&#8221;, fahren. Dieses charmante Dorf ist ein Muss, bevor Sie den <strong>Hafen von Saint-Vaast-la-Hougue<\/strong> erreichen. Es sei denn, Sie fahren zuerst nach Saint-Pierre-Eglise &#8211; wo Sie einige Menhire finden werden &#8211; und Barfleur. Wo auch immer man in diesem Val de Saire hinkommt, wird man feststellen, wie reich es ist. Die Region, die Geschichte, die Menschen.    <\/p>\n\n\n\n<p><strong>Marc-Lerouge &#8211; CotentinUniqueParNature<\/strong><\/p>\n<\/div>\n<\/div>\n\n\n\n<div class=\"wp-block-columns is-layout-flex wp-container-core-columns-is-layout-28f84493 wp-block-columns-is-layout-flex\">\n<div class=\"wp-block-column is-layout-flow wp-block-column-is-layout-flow\">\n<figure class=\"wp-block-image size-full\"><img alt=\"\" decoding=\"async\" width=\"800\" height=\"533\" src=\"https:\/\/www.legrandlarge.com\/wp-content\/uploads\/2025\/12\/saint-vaast-la-hougue-0045_800x533.jpg\" alt=\"\" class=\"wp-image-18945\" srcset=\"https:\/\/www.legrandlarge.com\/wp-content\/uploads\/2025\/12\/saint-vaast-la-hougue-0045_800x533.jpg 800w, https:\/\/www.legrandlarge.com\/wp-content\/uploads\/2025\/12\/saint-vaast-la-hougue-0045_800x533-300x200.jpg 300w, https:\/\/www.legrandlarge.com\/wp-content\/uploads\/2025\/12\/saint-vaast-la-hougue-0045_800x533-768x512.jpg 768w, https:\/\/www.legrandlarge.com\/wp-content\/uploads\/2025\/12\/saint-vaast-la-hougue-0045_800x533-720x480.jpg 720w, https:\/\/www.legrandlarge.com\/wp-content\/uploads\/2025\/12\/saint-vaast-la-hougue-0045_800x533-480x320.jpg 480w, https:\/\/www.legrandlarge.com\/wp-content\/uploads\/2025\/12\/saint-vaast-la-hougue-0045_800x533-240x160.jpg 240w, https:\/\/www.legrandlarge.com\/wp-content\/uploads\/2025\/12\/saint-vaast-la-hougue-0045_800x533-120x80.jpg 120w\" sizes=\"(max-width: 800px) 100vw, 800px\" \/><\/figure>\n<\/div>\n\n\n\n<div class=\"wp-block-column is-layout-flow wp-block-column-is-layout-flow\">\n<figure class=\"wp-block-image size-full\"><img alt=\"\" decoding=\"async\" width=\"800\" height=\"533\" src=\"https:\/\/www.legrandlarge.com\/wp-content\/uploads\/2025\/12\/saint-vaast-la-hougue-0063_800x533-1.jpg\" alt=\"\" class=\"wp-image-18946\" srcset=\"https:\/\/www.legrandlarge.com\/wp-content\/uploads\/2025\/12\/saint-vaast-la-hougue-0063_800x533-1.jpg 800w, https:\/\/www.legrandlarge.com\/wp-content\/uploads\/2025\/12\/saint-vaast-la-hougue-0063_800x533-1-300x200.jpg 300w, https:\/\/www.legrandlarge.com\/wp-content\/uploads\/2025\/12\/saint-vaast-la-hougue-0063_800x533-1-768x512.jpg 768w, https:\/\/www.legrandlarge.com\/wp-content\/uploads\/2025\/12\/saint-vaast-la-hougue-0063_800x533-1-720x480.jpg 720w, https:\/\/www.legrandlarge.com\/wp-content\/uploads\/2025\/12\/saint-vaast-la-hougue-0063_800x533-1-480x320.jpg 480w, https:\/\/www.legrandlarge.com\/wp-content\/uploads\/2025\/12\/saint-vaast-la-hougue-0063_800x533-1-240x160.jpg 240w, https:\/\/www.legrandlarge.com\/wp-content\/uploads\/2025\/12\/saint-vaast-la-hougue-0063_800x533-1-120x80.jpg 120w\" sizes=\"(max-width: 800px) 100vw, 800px\" \/><\/figure>\n<\/div>\n\n\n\n<div class=\"wp-block-column is-layout-flow wp-block-column-is-layout-flow\">\n<figure class=\"wp-block-image size-full\"><img alt=\"\" decoding=\"async\" width=\"800\" height=\"533\" src=\"https:\/\/www.legrandlarge.com\/wp-content\/uploads\/2025\/12\/phare-de-gatteville-marc-lerouge-7_800x533.jpg\" alt=\"\" class=\"wp-image-18948\" srcset=\"https:\/\/www.legrandlarge.com\/wp-content\/uploads\/2025\/12\/phare-de-gatteville-marc-lerouge-7_800x533.jpg 800w, https:\/\/www.legrandlarge.com\/wp-content\/uploads\/2025\/12\/phare-de-gatteville-marc-lerouge-7_800x533-300x200.jpg 300w, https:\/\/www.legrandlarge.com\/wp-content\/uploads\/2025\/12\/phare-de-gatteville-marc-lerouge-7_800x533-768x512.jpg 768w, https:\/\/www.legrandlarge.com\/wp-content\/uploads\/2025\/12\/phare-de-gatteville-marc-lerouge-7_800x533-720x480.jpg 720w, https:\/\/www.legrandlarge.com\/wp-content\/uploads\/2025\/12\/phare-de-gatteville-marc-lerouge-7_800x533-480x320.jpg 480w, https:\/\/www.legrandlarge.com\/wp-content\/uploads\/2025\/12\/phare-de-gatteville-marc-lerouge-7_800x533-240x160.jpg 240w, https:\/\/www.legrandlarge.com\/wp-content\/uploads\/2025\/12\/phare-de-gatteville-marc-lerouge-7_800x533-120x80.jpg 120w\" sizes=\"(max-width: 800px) 100vw, 800px\" \/><\/figure>\n<\/div>\n<\/div>\n<\/div>\n","protected":false},"excerpt":{"rendered":"<p>In Cotentin sind die weltber\u00fchmten Sehensw\u00fcrdigkeiten &#8211; Tatihou, die Vauban-T\u00fcrme, die zum Weltkulturerbe geh\u00f6ren, oder der Leuchtturm von Gatteville, der zweith\u00f6chste in Frankreich &#8211; von gro\u00dfer Bedeutung.<\/p>\n","protected":false},"author":1,"featured_media":17642,"parent":0,"template":"","format":"standard","tax-category-lieux":[28],"class_list":["post-17639","lieux","type-lieux","status-publish","format-standard","has-post-thumbnail","hentry"],"acf":{"latitude":"","longitude":"","distance":45,"pm_lieu_url":"","pm_lieu_phone":"","adresse":"","pm_lieu_title_short":"Das Val de Saire"},"_links":{"self":[{"href":"https:\/\/www.legrandlarge.com\/de\/wp-json\/wp\/v2\/lieux\/17639","targetHints":{"allow":["GET"]}}],"collection":[{"href":"https:\/\/www.legrandlarge.com\/de\/wp-json\/wp\/v2\/lieux"}],"about":[{"href":"https:\/\/www.legrandlarge.com\/de\/wp-json\/wp\/v2\/types\/lieux"}],"author":[{"embeddable":true,"href":"https:\/\/www.legrandlarge.com\/de\/wp-json\/wp\/v2\/users\/1"}],"version-history":[{"count":2,"href":"https:\/\/www.legrandlarge.com\/de\/wp-json\/wp\/v2\/lieux\/17639\/revisions"}],"predecessor-version":[{"id":19022,"href":"https:\/\/www.legrandlarge.com\/de\/wp-json\/wp\/v2\/lieux\/17639\/revisions\/19022"}],"wp:featuredmedia":[{"embeddable":true,"href":"https:\/\/www.legrandlarge.com\/de\/wp-json\/wp\/v2\/media\/17642"}],"wp:attachment":[{"href":"https:\/\/www.legrandlarge.com\/de\/wp-json\/wp\/v2\/media?parent=17639"}],"wp:term":[{"taxonomy":"tax-category-lieux","embeddable":true,"href":"https:\/\/www.legrandlarge.com\/de\/wp-json\/wp\/v2\/tax-category-lieux?post=17639"}],"curies":[{"name":"wp","href":"https:\/\/api.w.org\/{rel}","templated":true}]}}

<div class="wp-block-cover alignfull hero-content" style="min-height:90vh;aspect-ratio:unset;"><img alt="" decoding="async" width="1024" height="768" class="wp-block-cover__image-background wp-image-1078 size-large" alt="" src="https://www.legrandlarge.com/wp-content/uploads/2025/12/AdobeStock_490801920-1024x768.webp" data-object-fit="cover" srcset="https://www.legrandlarge.com/wp-content/uploads/2025/12/AdobeStock_490801920-1024x768.webp 1024w, https://www.legrandlarge.com/wp-content/uploads/2025/12/AdobeStock_490801920-300x225.webp 300w, https://www.legrandlarge.com/wp-content/uploads/2025/12/AdobeStock_490801920-768x576.webp 768w, https://www.legrandlarge.com/wp-content/uploads/2025/12/AdobeStock_490801920-1440x1080.webp 1440w, https://www.legrandlarge.com/wp-content/uploads/2025/12/AdobeStock_490801920-720x540.webp 720w, https://www.legrandlarge.com/wp-content/uploads/2025/12/AdobeStock_490801920-320x240.webp 320w, https://www.legrandlarge.com/wp-content/uploads/2025/12/AdobeStock_490801920-160x120.webp 160w, https://www.legrandlarge.com/wp-content/uploads/2025/12/AdobeStock_490801920.webp 1920w" sizes="(max-width: 1024px) 100vw, 1024px" /><span aria-hidden="true" class="wp-block-cover__background has-background-dim wp-block-cover__gradient-background has-background-gradient" style="background:linear-gradient(135deg,rgba(0,0,0,0) 0%,rgb(0,0,0) 100%)"></span><div class="wp-block-cover__inner-container has-global-padding is-layout-constrained wp-container-core-cover-is-layout-071fe3a8 wp-block-cover-is-layout-constrained">
<div class="wp-block-group is-z1 is-vertical is-content-justification-center is-layout-flex wp-container-core-group-is-layout-7b32d8e7 wp-block-group-is-layout-flex"><h1 class="wp-block-post-title has-xl-font-size has-secondary-font-family">Das Val de Saire</h1></div>
</div></div>

<div class="wp-block-group alignfull is-style-bg-texture has-global-padding is-content-justification-left is-layout-constrained wp-container-core-group-is-layout-7ac10ba0 wp-block-group-is-layout-constrained" style="padding-right:var(--wp--preset--spacing--s);padding-left:var(--wp--preset--spacing--s)"><div style="padding-top:var(--wp--preset--spacing--xxs);padding-bottom:var(--wp--preset--spacing--xxs);" class="wp-elements-b53f42f057c06f74b28afc57fcce3d1c wp-block-wpseopress-breadcrumbs has-xxs-font-size has-primary-font-family"><nav  aria-label="breadcrumb"><ol class="breadcrumb" itemscope itemtype="https://schema.org/BreadcrumbList"><li class="breadcrumb-item active" aria-current="page" itemprop="itemListElement" itemscope itemtype="https://schema.org/ListItem"><span itemprop="name">Home</span><meta itemprop="position" content="1"></li></ol></nav></div></div>

<div class="wp-block-group alignfull is-style-bg-w-two-elem has-global-padding is-layout-constrained wp-container-core-group-is-layout-72208401 wp-block-group-is-layout-constrained" style="padding-top:var(--wp--preset--spacing--c-huge);padding-right:2rem;padding-bottom:var(--wp--preset--spacing--c-norm);padding-left:2rem">
<div class="wp-block-columns are-vertically-aligned-bottom lg-image-text-simple is-layout-flex wp-container-core-columns-is-layout-1209f74c wp-block-columns-is-layout-flex">
<div class="wp-block-column is-vertically-aligned-bottom is-left is-layout-flow wp-block-column-is-layout-flow" style="flex-basis:50%">
<div class="wp-block-group lgl-wide-content-center is-layout-flow wp-block-group-is-layout-flow">
<figure class="wp-block-image size-full is-resized"><img alt="" decoding="async" src="https://www.legrandlarge.com/wp-content/themes/horizon-marketing-child/src/img/theme/G_logo-blanc.png" alt="" class="wp-image-79" style="object-fit:contain;width:60px;height:60px"/></figure>
</div>



<figure class="wp-block-image size-full"><img alt="" decoding="async" width="800" height="533" src="https://www.legrandlarge.com/wp-content/uploads/2025/12/saint-vaast-la-hougue-0124_800x533.jpg" alt="" class="wp-image-18925" style="aspect-ratio:3/4;object-fit:cover" srcset="https://www.legrandlarge.com/wp-content/uploads/2025/12/saint-vaast-la-hougue-0124_800x533.jpg 800w, https://www.legrandlarge.com/wp-content/uploads/2025/12/saint-vaast-la-hougue-0124_800x533-300x200.jpg 300w, https://www.legrandlarge.com/wp-content/uploads/2025/12/saint-vaast-la-hougue-0124_800x533-768x512.jpg 768w, https://www.legrandlarge.com/wp-content/uploads/2025/12/saint-vaast-la-hougue-0124_800x533-720x480.jpg 720w, https://www.legrandlarge.com/wp-content/uploads/2025/12/saint-vaast-la-hougue-0124_800x533-480x320.jpg 480w, https://www.legrandlarge.com/wp-content/uploads/2025/12/saint-vaast-la-hougue-0124_800x533-240x160.jpg 240w, https://www.legrandlarge.com/wp-content/uploads/2025/12/saint-vaast-la-hougue-0124_800x533-120x80.jpg 120w" sizes="(max-width: 800px) 100vw, 800px" /></figure>
</div>



<div class="wp-block-column is-vertically-aligned-bottom is-right is-layout-flow wp-container-core-column-is-layout-6fa465bf wp-block-column-is-layout-flow" style="flex-basis:50%">
<p class="is-style-hrz-p--title has-secondary-color has-text-color has-link-color wp-elements-814f30b7064845b0c7d853961272aab0">Spaziergänge &amp; Gastronomie</p>



<h2 class="wp-block-heading is-style-hrz-title--sub">Das Val de Saire</h2>



<p class="is-style-hrz-p--base">In <a href="http://www.manchetourisme.com/cotentin">Cotentin</a> finden Sie weltberühmte Sehenswürdigkeiten wie <strong>Tatihou, die Vauban-Türme</strong>, die zum <strong>Weltkulturerbe</strong> gehören, oder den <strong>Leuchtturm von Gatteville</strong>, der zweithöchste in Frankreich, neben vertraulicheren Orten wie dem Tal der 9 Mühlen. Feinschmecker und Liebhaber guter Produkte kennen natürlich die Austern von Saint-Vaast und die Miesmuscheln von Barfleur. Das Val de Saire ist auch der größte Gemüseproduzent in der Basse-Normandie. Und dann gibt es noch das goldene Brioche in Le Vast, für das sich die Stammgäste anstellen.   </p>



<p class="is-style-hrz-p--base">Von Le Vast aus sollten Sie unbedingt nach <strong>Quettehou</strong>, ausgesprochen &#8220;Quet&#8217;hou&#8221;, fahren. Dieses charmante Dorf ist ein Muss, bevor Sie den <strong>Hafen von Saint-Vaast-la-Hougue</strong> erreichen. Es sei denn, Sie fahren zuerst nach Saint-Pierre-Eglise &#8211; wo Sie einige Menhire finden werden &#8211; und Barfleur. Wo auch immer man in diesem Val de Saire hinkommt, wird man feststellen, wie reich es ist. Die Region, die Geschichte, die Menschen.    </p>



<p><strong>Marc-Lerouge &#8211; CotentinUniqueParNature</strong></p>
</div>
</div>



<div class="wp-block-columns is-layout-flex wp-container-core-columns-is-layout-28f84493 wp-block-columns-is-layout-flex">
<div class="wp-block-column is-layout-flow wp-block-column-is-layout-flow">
<figure class="wp-block-image size-full"><img alt="" decoding="async" width="800" height="533" src="https://www.legrandlarge.com/wp-content/uploads/2025/12/saint-vaast-la-hougue-0045_800x533.jpg" alt="" class="wp-image-18945" srcset="https://www.legrandlarge.com/wp-content/uploads/2025/12/saint-vaast-la-hougue-0045_800x533.jpg 800w, https://www.legrandlarge.com/wp-content/uploads/2025/12/saint-vaast-la-hougue-0045_800x533-300x200.jpg 300w, https://www.legrandlarge.com/wp-content/uploads/2025/12/saint-vaast-la-hougue-0045_800x533-768x512.jpg 768w, https://www.legrandlarge.com/wp-content/uploads/2025/12/saint-vaast-la-hougue-0045_800x533-720x480.jpg 720w, https://www.legrandlarge.com/wp-content/uploads/2025/12/saint-vaast-la-hougue-0045_800x533-480x320.jpg 480w, https://www.legrandlarge.com/wp-content/uploads/2025/12/saint-vaast-la-hougue-0045_800x533-240x160.jpg 240w, https://www.legrandlarge.com/wp-content/uploads/2025/12/saint-vaast-la-hougue-0045_800x533-120x80.jpg 120w" sizes="(max-width: 800px) 100vw, 800px" /></figure>
</div>



<div class="wp-block-column is-layout-flow wp-block-column-is-layout-flow">
<figure class="wp-block-image size-full"><img alt="" decoding="async" width="800" height="533" src="https://www.legrandlarge.com/wp-content/uploads/2025/12/saint-vaast-la-hougue-0063_800x533-1.jpg" alt="" class="wp-image-18946" srcset="https://www.legrandlarge.com/wp-content/uploads/2025/12/saint-vaast-la-hougue-0063_800x533-1.jpg 800w, https://www.legrandlarge.com/wp-content/uploads/2025/12/saint-vaast-la-hougue-0063_800x533-1-300x200.jpg 300w, https://www.legrandlarge.com/wp-content/uploads/2025/12/saint-vaast-la-hougue-0063_800x533-1-768x512.jpg 768w, https://www.legrandlarge.com/wp-content/uploads/2025/12/saint-vaast-la-hougue-0063_800x533-1-720x480.jpg 720w, https://www.legrandlarge.com/wp-content/uploads/2025/12/saint-vaast-la-hougue-0063_800x533-1-480x320.jpg 480w, https://www.legrandlarge.com/wp-content/uploads/2025/12/saint-vaast-la-hougue-0063_800x533-1-240x160.jpg 240w, https://www.legrandlarge.com/wp-content/uploads/2025/12/saint-vaast-la-hougue-0063_800x533-1-120x80.jpg 120w" sizes="(max-width: 800px) 100vw, 800px" /></figure>
</div>



<div class="wp-block-column is-layout-flow wp-block-column-is-layout-flow">
<figure class="wp-block-image size-full"><img alt="" decoding="async" width="800" height="533" src="https://www.legrandlarge.com/wp-content/uploads/2025/12/phare-de-gatteville-marc-lerouge-7_800x533.jpg" alt="" class="wp-image-18948" srcset="https://www.legrandlarge.com/wp-content/uploads/2025/12/phare-de-gatteville-marc-lerouge-7_800x533.jpg 800w, https://www.legrandlarge.com/wp-content/uploads/2025/12/phare-de-gatteville-marc-lerouge-7_800x533-300x200.jpg 300w, https://www.legrandlarge.com/wp-content/uploads/2025/12/phare-de-gatteville-marc-lerouge-7_800x533-768x512.jpg 768w, https://www.legrandlarge.com/wp-content/uploads/2025/12/phare-de-gatteville-marc-lerouge-7_800x533-720x480.jpg 720w, https://www.legrandlarge.com/wp-content/uploads/2025/12/phare-de-gatteville-marc-lerouge-7_800x533-480x320.jpg 480w, https://www.legrandlarge.com/wp-content/uploads/2025/12/phare-de-gatteville-marc-lerouge-7_800x533-240x160.jpg 240w, https://www.legrandlarge.com/wp-content/uploads/2025/12/phare-de-gatteville-marc-lerouge-7_800x533-120x80.jpg 120w" sizes="(max-width: 800px) 100vw, 800px" /></figure>
</div>
</div>
</div>

<p>In Cotentin sind die weltberühmten Sehenswürdigkeiten &#8211; Tatihou, die Vauban-Türme, die zum Weltkulturerbe gehören, oder der Leuchtturm von Gatteville, der zweithöchste in Frankreich &#8211; von großer Bedeutung.</p>
